9
Suppose -s - 31 = -56. Calculate the remainder when 14 is divided by 15*5/(s/2).
2
Let l = -125 - -438. What is the remainder when l is divided by 35?
33
Suppose 2*j + 132 = 4*t, -22*j = -3*t - 26*j + 110. What is the remainder when 80 is divided by t?
12
Let f = -89 + 210. What is the remainder when f is divided by 21?
16
Let s(g) = 3*g**2 - 12*g + 6. Calculate the remainder when 39 is divided by s(4).
3
Let j(d) = -d + 267. What is the remainder when j(9) is divided by 37?
36
Let k be (-1)/(2/(-1*2)). Suppose 0 = 6*o - o + 165. Let n = k - o. What is the remainder when n is divided by 12?
10
Let u be (2 + 0/2)*108/(-4). Let y = -47 - u. What is the remainder when 32 is divided by y?
4
Let s(t) = t**2 - 5*t - 2. Let y be s(6). Suppose y*v + v - 35 = 0. What is the remainder when 16 is divided by v?
2
Let d(j) = -3*j**3 - j**2 + 7*j + 9. Let c(u) = u**2 - 1. Let r(f) = -4*c(f) + d(f). What is the remainder when r(-4) is divided by 9?
7
Suppose 0 = 3*q + 2*c + 2 + 4, -3*c = -2*q + 9. Suppose z + 2*m - 5 = q, 0 = z + 2*m - 3*m - 20. Calculate the remainder when z is divided by 9.
6
Calculate the remainder when 99 is divided by (-8)/10 - 518/(-10).
48
Let s(l) = -l**3 - 3*l**2 - 3*l. What is the remainder when 4/1*-464*10/(-640) is divided by s(-2)?
1
Suppose 46 = 2*d + 8. Let g be 93/18 + 1/(-6). Suppose 2*p = d + g. What is the remainder when 47 is divided by p?
11
Suppose 125*m - 129*m - 64 = 0. Suppose 5*t + 3*g + 2*g = 120, -2*g = t - 21. Let o = m + t. What is the remainder when 19 is divided by o?
8
Let p = 58 - 55. Suppose -2*g + 3*m = -m - 64, 6 = p*m. What is the remainder when g is divided by 20?
16
Let s(x) be the second derivative of x**4/12 + 2*x**3/3 - 6*x. Suppose -64 = -3*a + 182. Calculate the remainder when a is divided by s(3).
19
Suppose 3*o = -12, 5*q + o + 162 - 493 = 0. Let l = 132 - q. What is the remainder when l is divided by 17?
14
Let h = 170 + -82. What is the remainder when h is divided by 2/(-9) + (-6888)/(-378)?
16
Let a(z) = 34*z + 2. Let l(c) = -1. Let m(u) = -a(u) - 6*l(u). What is the remainder when m(-1) is divided by 10?
8
Let p be -1*1*(-55 - 2). Suppose 0 = 2*h - p - 9. What is the remainder when h is divided by 0 + 14 + 10/(-2)?
6
Suppose 4 = -4*i, 300 = -2*z + 7*z - 5*i. What is the remainder when z is divided by 11?
4
Suppose 39*l - 10 = 40*l. Let a(o) = o**3 + 9*o**2 - 12*o + 5. Calculate the remainder when 49 is divided by a(l).
24
Suppose 3*h - 4*h = -1. Let g(d) = 8*d**3. What is the remainder when 22 is divided by g(h)?
6
Let a(i) be the third derivative of -13*i**4/24 - 5*i**3/6 + 3*i**2. Calculate the remainder when a(-4) is divided by 3 - (-24 + (0 - (3 - 5))).
22
Suppose -11 = -2*n - 31. Let u = n + 21. Suppose 5*x - 90 = -3*a, 0*x - 109 = -4*x + 5*a. What is the remainder when x is divided by u?
10
Suppose 61*z = 63*z. Suppose z = a - 24 - 8. Calculate the remainder when a is divided by 9.
5
Suppose -p - 5*r + 296 = 0, 4*p - 5*r - 1346 + 212 = 0. Calculate the remainder when p is divided by 32.
30
Suppose 315 = -14*m + 19*m. Suppose 0 = 7*s - m - 112. What is the remainder when s is divided by 6?
1
Suppose 5*i - 24 - 31 = 0. Suppose -156 = -4*m - 12. What is the remainder when (21/9)/(4/m) is divided by i?
10
Suppose 4*d - 4*m = 102 + 22, -3*d + 133 = 5*m. Let v(w) = 37*w**2 - 4*w + 3. What is the remainder when v(2) is divided by d?
35
Suppose -3*r + 73 = -2*v, 4*v = r - 27 - 4. What is the remainder when ((-192)/72)/(6/(-153)) is divided by r?
22
Let u(y) = 9*y + 8. Let x(c) = c - 5. Let s be x(11). Let q be u(s). Suppose 5*n - 8 = q. Calculate the remainder when n is divided by 5.
4
Suppose 3*h - 38 = 37. Suppose 5*t - h + 2 = 3*o, -5*o = 2*t - 3. Suppose -4*f + 65 = 2*p - 9, -p - t*f + 31 = 0. What is the remainder when p is divided by 11?
10
Let s = -4 - -10. Suppose -2*n + 4*n - s = 0. Suppose -g + 34 = -n*w, -g + 5*w + 34 = -6. Calculate the remainder when g is divided by 9.
7
Let r(f) be the second derivative of 5*f**3/3 + f**2/2 + 12*f. What is the remainder when 41 is divided by r(2)?
20
Calculate the remainder when 210 is divided by 3 - (-63)/(-15) - (-1044)/45.
12
Let l(o) = o**2 + 2*o - 3. Let n be l(-3). Let p(h) = -39*h - 10. Let g be p(-1). Let u = g - n. Calculate the remainder when u is divided by 8.
5
Let a = 36 - -27. Suppose v + a = 68. What is the remainder when 14 is divided by v?
4
Suppose -4*s + 3*s + 4*o = -152, 0 = -3*o + 9. What is the remainder when s is divided by 14?
10
Suppose -c + 1 = d, 3*c - 2*c - 13 = 3*d. Suppose 4*k = c*m - 232, -5*m + 301 = k + 5. Calculate the remainder when m is divided by 21.
17
Let q be (-22)/6*(-9 + 42). Let c = -61 - q. What is the remainder when c is divided by (-725)/(-35) - (-2)/7?
18
Suppose -102*v + 4 = -100*v. Let y(o) = o**3 + 6*o**2 - o - 6. Let b be y(-6). Suppose b = -v*j - 0*j + 20. What is the remainder when 27 is divided by j?
7
Let r be (4 + -1)*(40/(-15) - -3). Calculate the remainder when 39 is divided by 414/30 + r/5.
11
Suppose 2*c = 3 + 1, 2*x - 3*c = 12. Let o(j) = -12*j - 41. Let t be o(-12). Suppose -22 - t = -5*k. Calculate the remainder when k is divided by x.
7
Let a(i) = 2*i**2 - 32*i + 6. Suppose -4*x - 2*g + 46 = 0, 5*x - 5*g + 7 = 57. Calculate the remainder when a(17) is divided by x.
7
Let t = -46 - -73. Let w(b) = -b**3 + 7*b**2 + 9*b**2 + 6 - 3*b**2 - 13*b. What is the remainder when w(11) is divided by t?
24
Calculate the remainder when 35 is divided by (-158)/(-8) - 14/(-56).
15
Let s(l) = -l**3 - 12*l**2 + 3*l - 13. Suppose -3*u + 31 = 2*m - 20, -5*m - 5*u = -135. What is the remainder when s(-13) is divided by m?
27
Let z = 297 + 58. Suppose 8*m - 5*g = 3*m + z, 8 = -4*g. Let t(w) = -8*w. What is the remainder when m is divided by t(-3)?
21
Let j = 30 + 15. Suppose 2*n = -5*c + 19, -5*n - 19 = 2*c - 77. What is the remainder when n is divided by (-21)/(-5) + (-9)/j?
0
Suppose -91*x + 1244 + 1759 = 0. Calculate the remainder when x is divided by 22.
11
Let q(p) = p**3 + 2*p**2 + 11. Suppose -4*l - 4*y + 3 + 13 = 0, 0 = 5*l + 2*y - 8. Let c(k) = -4*k - 10. What is the remainder when c(-10) is divided by q(l)?
8
Let a be (-378 + 22)*(-1)/(-2). Let s = -32 - a. What is the remainder when s is divided by 21?
20
Let d = -6 + 2. Let k(h) = -h**3 - 2*h**2 + 6*h + 2. Calculate the remainder when (-2)/25 + 3816/200 is divided by k(d).
9
What is the remainder when 129 is divided by (2/(-23) + (-266)/644)*-26?
12
Suppose 502 = -6*l + 646. Suppose 4*t - 7 = 5. Suppose -3*o + 24 = 3*p - 15, -t*o + 3*p = -39. What is the remainder when l is divided by o?
11
Suppose -2*q + 4*q = 3*v - 70, 3*v = -5*q + 35. Suppose 0 = 4*g + g - v. What is the remainder when 14 is divided by g?
2
Let t be (-52)/6*(-3)/2. Suppose 22*s - 26*s + 76 = 0. Suppose d = 2*u + t, 3*u = -3*d + s + 11. What is the remainder when d is divided by 7?
4
Suppose -2534 = -9*s + 8635. What is the remainder when s is divided by 69?
68
Suppose 10*y + 29 = -11. Calculate the remainder when (-2)/(y/166) + (-2 - -1) is divided by 17.
14
Suppose 3*t + 0*t = 384. What is the remainder when t is divided by (-1 + 7 - 7)/((-3)/66)?
18
Let k(b) = b**2 + 12*b + 9. Let l be k(-12). Let n = l - -12. Calculate the remainder when 40 is divided by n.
19
Suppose -4*d + 954 = 2*d. Let l(n) = -n + 9. What is the remainder when d is divided by l(-23)?
31
Let d(j) = 3 + 0*j + 2 - 2*j + 4*j. Let g be d(-2). Let t(h) = 89*h + 2. What is the remainder when t(g) is divided by 23?
22
Let f = 283 + -245. Calculate the remainder when f is divided by 20.
18
Suppose 16*r + 8 = 12*r. What is the remainder when r - 21/(-15) - 7319/(-65) is divided by 24?
16
Calculate the remainder when 83 is divided by -3 - (-168)/7 - 0.
20
Let w = 29 + -47. Calculate the remainder when 52 is divided by 0/(-3) - (-2 + w).
12
Let m(t) = -101*t + 20. Let g be m(-2). Let a = g - 120. What is the remainder when a is divided by 26?
24
What is the remainder when 66 is divided by 109/6 - 62/372 - 4?
10
Suppose -30*k + 6 = j - 32*k, -4*j + 30 = -5*k. What is the remainder when 536 is divided by j?
6
Let i = -1 - -4. Suppose i*w = -2*w + 70. Suppose -2*c = 3*o - 76, 2*c = -0*o - 5*o + 124. Calculate the remainder when o is divided by w.
10
Suppose 4*j - 80 = 6*j. Let i be (-6)/(-16) - 145/j. Calcula